t the prime factors of ((-238248)/(-144))/(3/(-4)*-2).
1103
What are the prime factors of 6/2 - (21 - 398)?
2, 5, 19
Suppose 0*q - 3*q = -t - 8, 4*t = 4*q + 8. Suppose 202 = t*i - 8. List the prime factors of i.
2, 3, 5
Suppose -65 = -d - 4*d. Let a be (d + 1)*85/10. Suppose a = 3*y - 10. List the prime factors of y.
43
Let l(o) = 4*o**3 + o**2 - o - 82. What are the prime factors of l(8)?
2, 3, 337
Suppose -5*i + 3*c + 780 = 0, -10*i + 587 = -6*i + 5*c. What are the prime factors of i?
3, 17
Let w(i) = -3*i + 136. List the prime factors of w(-21).
199
Suppose 0 = -15*m - 1540 + 27175. What are the prime factors of m?
1709
Let h be (-3)/12*-2*30. Suppose f = -3*t - 2*f + 81, t - 3*f = h. Suppose 0 = 5*i, t = -2*k + 5*k - i. List the prime factors of k.
2
Let i(z) = z**2 - 3 + 0*z + 2*z**3 + 4*z**2 - 4*z. Let v be i(-4). Let o = 79 + v. What are the prime factors of o?
2, 11
Suppose 2*r = r - 21. Let y = r + 25. Suppose 2*b - 2*x = -0*b + 68, y*x = 3*b - 104. List the prime factors of b.
2
Let x(r) = 2*r - 10. Let h be x(5). List the prime factors of -2 + (1 + h + -5 - -213).
3, 23
Suppose -5*t - 15 = 0, -2*h + 49*t = 47*t - 838. What are the prime factors of h?
2, 13
Suppose -4*k = -0*k + 8. Suppose d - 151 + 142 = 0. List the prime factors of (-24)/9*d/k.
2, 3
List the prime factors of (-19766)/(-14) + ((-8)/(-56) - 0).
2, 353
Let f be 6/(-3*(-5)/10). Let t(h) = 30*h + 41. List the prime factors of t(f).
7, 23
List the prime factors of (-2)/14 - (-11960)/28.
7, 61
Let y = 254 + -383. Let m = -50 - y. What are the prime factors of m?
79
Suppose -5*a = 3*s + 260, -s - 3*a - 444 = 4*s. Let z be 2/(-8) - s/(-24). What are the prime factors of (z + 2)/(12/(-186))?
31
Let z(k) = -130*k + 339. What are the prime factors of z(-17)?
2549
Suppose 15*z = 23*z - 3744. List the prime factors of z.
2, 3, 13
Suppose -4*d - 12 = 0, d - 2631 = -g - 3*d. What are the prime factors of g?
3, 881
Let c(b) be the second derivative of b**5/10 - b**3/3 + b**2/2 - 5*b. Let p be c(1). What are the prime factors of (-10)/(p - (2 - 0))?
2, 5
Suppose -4*d = -3*v + 2*v + 9, 120 = 4*v + 5*d. Suppose 0 = -23*a - 7*a - 120. What are the prime factors of ((-5)/v)/(a/740)?
37
What are the prime factors of -3 - 0 - (-2115)/3 - -2?
2, 11
Let f(g) = -5 - 6 - 15*g + 32*g. What are the prime factors of f(2)?
23
What are the prime factors of 0/56 + 836/(2/1)?
2, 11, 19
Let x(y) = 2*y**2 - 46*y - 174. What are the prime factors of x(36)?
2, 3, 127
Let r(m) = m**3 + 13*m**2 - m. Let g be r(-11). Suppose -2*j = 5*f - g, -3*j + 261 = 5*f + j. Suppose 9 = 2*i - f. What are the prime factors of i?
29
Suppose -3*y - 281 = -4*a, -4*a + 4*y + 2 = -278. Suppose 5*p = 109 + a. List the prime factors of p.
2, 3
Suppose -8*q + 1967 = 471. Suppose 2*k + q = 3*k. What are the prime factors of k?
11, 17
Let w = 48 - 20. Suppose 38 = 11*k - w. What are the prime factors of k?
2, 3
Let v(n) = 67*n**3 + 2*n - 1. Let q be v(1). Let c = -38 + 42. Suppose 8*b = c*b + q. What are the prime factors of b?
17
Let r be (-42)/(-5) - (102/30 + -3). Let z(w) be the first derivative of w**2 + 18*w + 1. What are the prime factors of z(r)?
2, 17
Suppose -10*w = -6*w + 120. Let n be (-6)/4*-2*19. Let j = n + w. What are the prime factors of j?
3
Suppose 0 = s + 11 - 6. Let r(v) = v**3 + 7*v**2 - 6*v - 11. What are the prime factors of r(s)?
3, 23
Let q(c) = c + 106. Let a be q(0). Suppose -4*p + 126 = -a. Suppose 2*r - p - 10 = 0. What are the prime factors of r?
2, 17
Let c be (336/30)/((-4)/(-150)). Let d = -249 + c. What are the prime factors of d?
3, 19
Let k(a) = 5*a + 12. Let m be k(4). List the prime factors of 327/4 - (-8)/m.
2, 41
Let c be (6/(-8))/(16/(-64)). Suppose c*v - 2 = -s - 0*v, -2*s + 16 = 3*v. Suppose -4*p = -s - 14. List the prime factors of p.
7
Let d = -187 + 37. List the prime factors of (4*d)/(-5) + 1.
11
Let b(a) = -a**3 - 9*a**2 + 11*a + 2. Let m be b(-10). Let q = -4 - m. List the prime factors of (3/q)/(5/100).
3, 5
Suppose o - 410 = -4*j, 3*o + 832 = 5*o - 4*j. What are the prime factors of o?
2, 3, 23
Let j = -919 + 1452. What are the prime factors of j?
13, 41
Suppose 0 = 471*z - 462*z - 9234. What are the prime factors of z?
2, 3, 19
Suppose 32*n - 4395 = 17141. What are the prime factors of n?
673
Suppose -2496 = -12*t + 9*t. What are the prime factors of t?
2, 13
Suppose 0 = -b - 3*v - 42, -5*b - 4*v = -143 + 353. Suppose 0*j + 4*j = 2*t - 190, 3*j - 312 = -3*t. Let m = t + b. What are the prime factors of m?
59
Suppose 4599*v - 4592*v - 5068 = 0. List the prime factors of v.
2, 181
Suppose 3*s + 462 = 3*y, -2*s = 3*y + 2*s - 490. Suppose 3*g - 310 = -5*q, 5*q - 2*g - 443 = -y. List the prime factors of q.
59
Let j(a) = a**3 - 10*a**2 - 67*a - 39. What are the prime factors of j(18)?
3, 449
Let y = -84 + 93. Let k(o) = -o + 53. List the prime factors of k(y).
2, 11
Suppose -3*i = -k - 41, -3*k + 1 - 19 = -2*i. List the prime factors of 3183/i - ((-36)/20 + 2).
2, 53
Let t(r) = r**3 - 5*r**2 - 2*r - 7. Let c be t(5). Suppose 0 = 6*p - 9*p - 3. Let f = p - c. What are the prime factors of f?
2
Let l be (-1701)/(-14)*(-12)/(-9). Suppose -4*s + 156 = -0*s + 2*y, -y = -4*s + l. List the prime factors of s.
2, 5
Let r(m) = 8*m**3 + 23*m**2 + 24*m + 13. Let z(i) = 7*i**3 + 22*i**2 + 23*i + 12. Let q(y) = 6*r(y) - 7*z(y). List the prime factors of q(-15).
2, 3
What are the prime factors of (-11)/(-44) - 3115/(-4)?
19, 41
Let r = -6 - 4. Let w = -851 + 849. Let n = w - r. List the prime factors of n.
2
Suppose 0 = -6*b - 11 + 5. List the prime factors of (146/(1/b))/(-4 - -2).
73
Let z be 10/(-3)*18/(-4). Let n be 434/10 + (-6)/z. Let u = n - 0. List the prime factors of u.
43
List the prime factors of (-12)/(-120) + (-41698)/(-20).
3, 5, 139
Let c(b) = -205*b + 295. List the prime factors of c(-16).
5, 11, 13
Let g(b) be the third derivative of -b**6/120 - 7*b**5/60 + 7*b**4/24 - b**3 + b**2. Let n be g(-10). Suppose 5*a - 21 = n. What are the prime factors of a?
7
Suppose 0 = -26*l + 31256 + 13776. List the prime factors of l.
2, 433
Suppose 0*t = -5*t - a + 842, 2*t + 4*a - 344 = 0. Let m = 277 - t. What are the prime factors of m?
109
Let y = -887 - -1678. What are the prime factors of y?
7, 113
Suppose 0 = 4*v - 3*z + 23, 2 = v - 5*z - 5. Let y be v/(-12) - 244/(-12). Suppose 0 = -q + y + 20. List the prime factors of q.
41
Suppose -5*s + 5 = -25. Suppose -17 = -5*n + s*n. What are the prime factors of (-5 + 3)*(n - 0)?
2, 17
Let m = -7967 + 12400. What are the prime factors of m?
11, 13, 31
Let h = 151 - -1005. What are the prime factors of h?
2, 17
Let z = 1759 - 988. List the prime factors of z.
3, 257
Suppose 0 = -211*r + 214*r - 1245. What are the prime factors of r?
5, 83
Suppose -23*r - 110024 = -57*r. What are the prime factors of r?
2, 809
List the prime factors of (-12 - (-24 + 10))/(4/570).
3, 5, 19
Let g be (10 - 7)*2/(-3). List the prime factors of (-3780)/(-50) - g/5.
2, 19
Suppose 0 = -2*q + z - 2*z + 8, 4*q - 2*z - 16 = 0. Suppose 306 = 7*y - q*y. What are the prime factors of y?
2, 3, 17
Let p = -214 + 670. Suppose 29*v = 33*v - p. List the prime factors of v.
2, 3, 19
Suppose 10*a = 32*a - 8536. What are the prime factors of a?
2, 97
Let s be (-6)/(-1) - (1 + 1). Suppose s*d = 5*d - 4. Suppose -4*j = d*n - 48, 0 = 3*j - 3. What are the prime factors of n?
11
Let c(l) = -235*l**3 + 2*l**2 + 11*l + 20. What are the prime factors of c(-2)?
2, 23, 41
Let q(j) = -32*j - 52. What are the prime factors of q(-5)?
2, 3
Let b(y) be the first derivative of y**3 - 7*y**2/2 + 4*y - 5. Suppose 3*q - 6*q + 12 = 0. List the prime factors of b(q).
2, 3
Suppose -3*b = -10*b + 2548. List the prime factors of b.
2, 7, 13
Suppose -5*i + 163 = -2807. List the prime factors of (-96)/(-168) + i/14.
43
Suppose 3*r - 3*v + 2*v = 28, 3*v - 26 = -r. Let i(n) = 28*n - 57. What are the prime factors of i(r)?
251
Let i = 258 - 252. Suppose -2*a + 9 = a. Let j = a + i. What are the prime factors of j?
3
Let q(z) = 33*z**2 - z - 1. Let u be q(-1). Let n = u + -29. List the prime factors of n.
2
Suppose 3*c - 4 = 7*c. Suppose 3*y = -2*r - 3*r, -5*r = 0. What are the prime factors of y - (-184)/((-4)/c)?
2, 23
Let s(x) = x**3 - 12*x**2 + 18*x - 26. Let t be s(12). Suppose 5*o = -5*h + t, 5 = 2*o -